{"id":1113,"date":"2011-05-07T08:30:09","date_gmt":"2011-05-07T08:30:09","guid":{"rendered":"https:\/\/www.dougu.de\/cms\/?page_id=1113"},"modified":"2024-07-10T13:09:30","modified_gmt":"2024-07-10T11:09:30","slug":"faq","status":"publish","type":"page","link":"https:\/\/www.dougu.de\/cms\/faq\/","title":{"rendered":"FAQ"},"content":{"rendered":"<div class=\"wpb-content-wrapper\"><p>[vc_row][vc_column][vc_empty_space height=&#8221;128&#8243;][\/vc_column][\/vc_row][vc_row full_width=&#8221;stretch_row_content&#8221; bg_position=&#8221;center-top&#8221;][vc_column][vc_column_text css=&#8221;.vc_custom_1720609735052{margin-top: 28px !important;}&#8221;]<\/p>\n<h3 style=\"text-align: center;\">Hier finden Sie Antworten auf h\u00e4ufig gestellte Fragen<\/h3>\n<p>[\/vc_column_text]\t\t<div  class=\"sigma_social_links_wrapper sigma-social-links-1355519941 sigma-shortcode-wrapper social-links-align-center social-links-size-medium  vc_custom_1693307648181\">\r\n      <ul class=\"sigma-sm\">\r\n                  <li class=\"sigma-sm-item\">\r\n\r\n                        <a href=\"mailto:info@dougu.de\" title=\"Mail an uns mit ihrem Mail Client\" rel=\"nofollow\" target=\"_blank\">\r\n            \r\n                              <i class=\"fas fa-at\"><\/i>\r\n              \r\n                        <\/a>\r\n            \r\n          <\/li>\r\n\r\n                  <li class=\"sigma-sm-item\">\r\n\r\n                        <a href=\"https:\/\/wa.me\/message\/S5RR2M2K3ZEBH1\" title=\"Whatsup Kontakt Anfrage\" rel=\"nofollow\" target=\"_blank\">\r\n            \r\n                              <i class=\"fab fa-whatsapp\"><\/i>\r\n              \r\n                        <\/a>\r\n            \r\n          <\/li>\r\n\r\n                  <li class=\"sigma-sm-item\">\r\n\r\n                        <a href=\"https:\/\/www.dougu.de\/cms\/kontakt\/#kontakt\" title=\"Kontakt Formular\" rel=\"nofollow\" target=\"_self\">\r\n            \r\n                              <i class=\"fas fa-file-signature\"><\/i>\r\n              \r\n                        <\/a>\r\n            \r\n          <\/li>\r\n\r\n                  <li class=\"sigma-sm-item\">\r\n\r\n                        <a href=\"tel:+4917648182593\" title=\"Dougu per Funk mit Ihrem Telefon anrufen (O2)\" rel=\"nofollow\" target=\"_blank\">\r\n            \r\n                              <i class=\"fas fa-mobile-alt\"><\/i>\r\n              \r\n                        <\/a>\r\n            \r\n          <\/li>\r\n\r\n                  <li class=\"sigma-sm-item\">\r\n\r\n                        <a href=\"tel:+493078950394\" title=\"Dougu per Festnetz anrufen (Telekom)\" rel=\"nofollow\" target=\"_blank\">\r\n            \r\n                              <i class=\"fas fa-phone-volume\"><\/i>\r\n              \r\n                        <\/a>\r\n            \r\n          <\/li>\r\n\r\n        \r\n      <\/ul>\r\n\t\t<\/div>\r\n\t\t[vc_wp_search][vc_column_text css=&#8221;.vc_custom_1693386325505{margin-top: 28px !important;}&#8221;]<\/p>\n<h3 style=\"text-align: center;\">Thema Design<\/h3>\n<p>[\/vc_column_text][vc_toggle title=&#8221;Was sind Rohdaten und Basis Infos?&#8221; style=&#8221;arrow&#8221;]Basis Infos sind ein wichtiger Bestandteil jeder erfolgreichen Arbeit oder jedes erfolgreichen Projekts. Sie helfen dabei, die wichtigsten Fakten und Erwartungen zu kl\u00e4ren, die f\u00fcr eine bestimmte Aufgabe oder einen bestimmten Zweck relevant sind. Je nach Kontext k\u00f6nnen Basis Infos verschiedene Informationen umfassen, wie zum Beispiel Namen, Adressen, Kontaktdaten, Ziele, Anforderungen, Termine, Budgets usw. Basis Infos erm\u00f6glichen es, eine Situation schnell zu erfassen und die Kommunikation und Koordination zu verbessern. In Bezug auf Webseiten, sind es Texte, Bilder, Designvorstellungen, Launch W\u00fcnsche, Domain Namen, Logos, Farben, Zielgruppen, Identit\u00e4t Ihres Unternehmens, pers\u00f6nliche Vorstellungen, Budgetvorgaben.[\/vc_toggle][vc_column_text css=&#8221;.vc_custom_1693386356029{margin-top: 28px !important;}&#8221;]<\/p>\n<h3 style=\"text-align: center;\">Thema IT &amp; EDV Hilfe<\/h3>\n<p>[\/vc_column_text][vc_toggle title=&#8221;Laptop funktioniert nicht, was tun?&#8221; style=&#8221;arrow&#8221;]Wir freuen uns, dass Sie sich f\u00fcr unsere Software-Dienstleistungen interessieren. Um Ihnen den bestm\u00f6glichen Service zu bieten, bitten wir Sie, folgende Schritte zu beachten:<\/p>\n<p>&#8211; Vereinbaren Sie einen Termin mit uns, bevor Sie Ihr Ger\u00e4t bringen oder schicken. So k\u00f6nnen wir uns Zeit f\u00fcr Sie nehmen und viele Probleme schon im Voraus telefonisch oder online kl\u00e4ren oder einsch\u00e4tzen.<\/p>\n<p>&#8211; Wenn eine Fernl\u00f6sung nicht m\u00f6glich ist, k\u00f6nnen Sie Ihr Ger\u00e4t pers\u00f6nlich abgeben oder uns zusenden. Wir werden es dann vor Ort untersuchen und Ihnen einen Kostenvoranschlag machen. Die <a href=\"https:\/\/www.dougu.de\/cms\/kosten\/\">Preise<\/a> f\u00fcr die Untersuchung und den Versand finden Sie in unserer <a href=\"https:\/\/www.dougu.de\/cms\/kosten\/\">Preisliste<\/a>.<\/p>\n<p>&#8211; Wenn wir den Fehler gefunden haben, werden wir Sie kontaktieren und Ihnen mitteilen, wie wir ihn beheben k\u00f6nnen. Wenn Sie uns den Auftrag erteilen, werden wir sofort mit der Reparatur beginnen. Wenn nicht, m\u00fcssen Sie nur die <a href=\"https:\/\/www.dougu.de\/cms\/kosten\/\">Kosten<\/a> f\u00fcr die Fehlerdiagnose bezahlen.[\/vc_toggle][\/vc_column][\/vc_row][vc_row gap=&#8221;30&#8243; content_placement=&#8221;top&#8221; bg_position=&#8221;center-top&#8221; css=&#8221;.vc_custom_1693385266768{margin-right: 28px !important;margin-left: 28px !important;}&#8221;][vc_column bg_position=&#8221;center-top&#8221;][vc_column_text css=&#8221;.vc_custom_1693384298524{margin-top: 28px !important;}&#8221;]<\/p>\n<h3 style=\"text-align: center;\">Was sind eigentlich Dog\u016b?<\/h3>\n<p>[\/vc_column_text][vc_gallery type=&#8221;image_grid&#8221; images=&#8221;6396,6395,6389,6390,6391,6392,6393,6394,6388,6387,6386,6385,6384,6383,6377,6378,6379,6380,6381,6382,6376,6375,6374,6373,6372,6371,6365,6366,6367,6368,6369,6370,6278,6275,6274,6273,6272,6271,6265,6266,6267,6268,6269,6270,6264,6263,6262,6261,6260,6259,6258,6257&#8243; css=&#8221;.vc_custom_1693384998785{padding-right: 8px !important;padding-left: 28px !important;}&#8221; title=&#8221;DOUGULERIA&#8221;][vc_custom_heading text=&#8221;Dog\u016b (japanisch: \u571f\u5076, do\u0261u \u201eirdene Figur\u201c) sind kleine humanoide und tierische Figuren, die im sp\u00e4teren Teil der J\u014dmon-Zeit (14.000\u2013400 v. Chr.) Im pr\u00e4historischen Japan hergestellt wurden.<\/p>\n<p>Dog\u016b sind eine besondere Form der pr\u00e4historischen Kunst in Japan. Sie wurden aus Ton geformt und oft mit geometrischen Mustern oder Gesichtsz\u00fcgen verziert. Die meisten Dog\u016b haben eine menschliche oder tierische Gestalt, aber einige sind auch abstrakt oder fantastisch. Die Funktion und Bedeutung der Dog\u016b sind nicht eindeutig gekl\u00e4rt, aber es gibt verschiedene Theorien und Interpretationen. Einige Forscher glauben, dass sie religi\u00f6se Objekte waren, die mit Schamanismus, Ahnenverehrung oder Fruchtbarkeitsriten in Verbindung standen. Andere sehen sie als Spielzeuge, Puppen oder Schmuckst\u00fccke. Wieder andere spekulieren, dass sie eine Art von Schrift oder Symbolik darstellten oder sogar au\u00dferirdischen Ursprungs waren. Die Dog\u016b sind ein faszinierendes Zeugnis der J\u014dmon-Kultur, die \u00fcber mehrere Jahrtausende hinweg eine hohe handwerkliche und k\u00fcnstlerische Fertigkeit entwickelte.&#8221; font_container=&#8221;tag:p|text_align:center&#8221; use_theme_fonts=&#8221;yes&#8221;][vc_custom_heading text=&#8221;Der Name &#8220;Dougu\/Dogu\/Doug\u00fc&#8220; bezieht sich auf kleine Figuren aus Ton, die w\u00e4hrend der sp\u00e4ten J\u014dmon-Zeit im pr\u00e4historischen Japan hergestellt wurden.<br \/>\nUrspr\u00fcnglich bedeutet &#8220;Dougu&#8220; (w\u00f6rtlich\/phonetisch ausgesprochen) &#8220;Tonfigur&#8220; und aber auch ist es ein allgemeiner Begriff f\u00fcr &#8220;Werkzeuge oder Requisiten&#8220;, wir haben uns gern inspirieren lassen. Denn ein erweiterter Horizont hilft uns Projekte zu realisieren.&#8221; font_container=&#8221;tag:p|text_align:center&#8221; use_theme_fonts=&#8221;yes&#8221;][vc_custom_heading text=&#8221;Nein wir haben nichts mit Japan zutun, wir sind typische Reinickendorfer.&#8221; font_container=&#8221;tag:h4|text_align:center&#8221; use_theme_fonts=&#8221;yes&#8221;][vc_custom_heading text=&#8221;Nein die Figuren sind nicht zu erwerben, wir vertreiben auch keine Dog\u016b Figuren, wir helfen in Punkto Design, Coaching, IT &amp; EDV.&#8221; font_container=&#8221;tag:h4|text_align:center&#8221; use_theme_fonts=&#8221;yes&#8221;][vc_hoverbox image=&#8221;6278&#8243; primary_title=&#8221;&#8221; primary_align=&#8221;justify&#8221; css=&#8221;.vc_custom_1693383545261{background-position: center !important;background-repeat: no-repeat !important;background-size: contain !important;}&#8221;]<\/p>\n<p style=\"text-align: center;\">&#8211; Dougumonja &#8211;<br \/>\n( \u3069\u3046\u3050\u3082\u3093\u3058\u3083 )<br \/>\nPhonetisch ( D\u014d gumo nja )<br \/>\nDie kleine h\u00fcbsche \u201eirdene Figur\u201c ist jetzt unsere offizielle &#8220;Designmuse&#8221;[\/vc_hoverbox][\/vc_column][\/vc_row]<\/p>\n<\/div>","protected":false},"excerpt":{"rendered":"<p>[vc_row][vc_column][vc_empty_space height=&#8221;128&#8243;][\/vc_column][\/vc_row][vc_row full_width=&#8221;stretch_row_content&#8221; bg_position=&#8221;center-top&#8221;][vc_column][vc_column_text css=&#8221;.vc_custom_1720609735052{margin-top: 28px !important;}&#8221;] Hier finden Sie Antworten auf h\u00e4ufig gestellte Fragen [\/vc_column_text][vc_wp_search][vc_column_text css=&#8221;.vc_custom_1693386325505{margin-top: 28px !important;}&#8221;] Thema Design [\/vc_column_text][vc_toggle title=&#8221;Was sind Rohdaten und Basis Infos?&#8221; style=&#8221;arrow&#8221;]Basis Infos sind ein wichtiger Bestandteil jeder erfolgreichen Arbeit oder jedes erfolgreichen Projekts. Sie helfen dabei, die wichtigsten Fakten und Erwartungen zu kl\u00e4ren, die f\u00fcr eine bestimmte [&hellip;]<\/p>\n","protected":false},"author":15,"featured_media":0,"parent":0,"menu_order":6,"comment_status":"closed","ping_status":"closed","template":"","meta":{"_eb_attr":"","_monsterinsights_skip_tracking":false,"_monsterinsights_sitenote_active":false,"_monsterinsights_sitenote_note":"","_monsterinsights_sitenote_category":0,"footnotes":""},"class_list":["post-1113","page","type-page","status-publish","hentry"],"yoast_head":"<!-- This site is optimized with the Yoast SEO plugin v27.5 - https:\/\/yoast.com\/product\/yoast-seo-wordpress\/ -->\n<title>FAQ - DESIGN SCHMIEDE<\/title>\n<meta name=\"description\" content=\"Clevere Systeme f\u00fcr Webseiten Betreiber oder Einsteiger Hilfe und L\u00f6sungen bei Problemen sowie Verbesserungen oder Konzepte\" \/>\n<meta name=\"robots\" content=\"index, follow, max-snippet:-1, max-image-preview:large, max-video-preview:-1\" \/>\n<link rel=\"canonical\" href=\"https:\/\/www.dougu.de\/cms\/faq\/\" \/>\n<script type=\"application\/ld+json\" class=\"yoast-schema-graph\">{\"@context\":\"https:\\\/\\\/schema.org\",\"@graph\":[{\"@type\":\"WebPage\",\"@id\":\"https:\\\/\\\/www.dougu.de\\\/cms\\\/faq\\\/\",\"url\":\"https:\\\/\\\/www.dougu.de\\\/cms\\\/faq\\\/\",\"name\":\"FAQ - DESIGN SCHMIEDE\",\"isPartOf\":{\"@id\":\"https:\\\/\\\/www.dougu.de\\\/cms\\\/#website\"},\"datePublished\":\"2011-05-07T08:30:09+00:00\",\"dateModified\":\"2024-07-10T11:09:30+00:00\",\"description\":\"Clevere Systeme f\u00fcr Webseiten Betreiber oder Einsteiger Hilfe und L\u00f6sungen bei Problemen sowie Verbesserungen oder Konzepte\",\"breadcrumb\":{\"@id\":\"https:\\\/\\\/www.dougu.de\\\/cms\\\/faq\\\/#breadcrumb\"},\"inLanguage\":\"de\",\"potentialAction\":[{\"@type\":\"ReadAction\",\"target\":[\"https:\\\/\\\/www.dougu.de\\\/cms\\\/faq\\\/\"]}]},{\"@type\":\"BreadcrumbList\",\"@id\":\"https:\\\/\\\/www.dougu.de\\\/cms\\\/faq\\\/#breadcrumb\",\"itemListElement\":[{\"@type\":\"ListItem\",\"position\":1,\"name\":\"Startseite\",\"item\":\"https:\\\/\\\/www.dougu.de\\\/cms\\\/\"},{\"@type\":\"ListItem\",\"position\":2,\"name\":\"FAQ\"}]},{\"@type\":\"WebSite\",\"@id\":\"https:\\\/\\\/www.dougu.de\\\/cms\\\/#website\",\"url\":\"https:\\\/\\\/www.dougu.de\\\/cms\\\/\",\"name\":\"DESIGN SCHMIEDE\",\"description\":\"art from the metawebdesign smith\",\"publisher\":{\"@id\":\"https:\\\/\\\/www.dougu.de\\\/cms\\\/#organization\"},\"alternateName\":\"Dougu Design Schmiede\",\"potentialAction\":[{\"@type\":\"SearchAction\",\"target\":{\"@type\":\"EntryPoint\",\"urlTemplate\":\"https:\\\/\\\/www.dougu.de\\\/cms\\\/?s={search_term_string}\"},\"query-input\":{\"@type\":\"PropertyValueSpecification\",\"valueRequired\":true,\"valueName\":\"search_term_string\"}}],\"inLanguage\":\"de\"},{\"@type\":\"Organization\",\"@id\":\"https:\\\/\\\/www.dougu.de\\\/cms\\\/#organization\",\"name\":\"DOUGU DESIGN SCHMIEDE\",\"url\":\"https:\\\/\\\/www.dougu.de\\\/cms\\\/\",\"logo\":{\"@type\":\"ImageObject\",\"inLanguage\":\"de\",\"@id\":\"https:\\\/\\\/www.dougu.de\\\/cms\\\/#\\\/schema\\\/logo\\\/image\\\/\",\"url\":\"https:\\\/\\\/www.dougu.de\\\/cms\\\/wp-content\\\/uploads\\\/2022\\\/02\\\/dds-1.png\",\"contentUrl\":\"https:\\\/\\\/www.dougu.de\\\/cms\\\/wp-content\\\/uploads\\\/2022\\\/02\\\/dds-1.png\",\"width\":512,\"height\":512,\"caption\":\"DOUGU DESIGN SCHMIEDE\"},\"image\":{\"@id\":\"https:\\\/\\\/www.dougu.de\\\/cms\\\/#\\\/schema\\\/logo\\\/image\\\/\"},\"sameAs\":[\"https:\\\/\\\/www.facebook.com\\\/DOUGUDESIGN\\\/\",\"https:\\\/\\\/x.com\\\/dougudesign\"]}]}<\/script>\n<!-- \/ Yoast SEO plugin. -->","yoast_head_json":{"title":"FAQ - DESIGN SCHMIEDE","description":"Clevere Systeme f\u00fcr Webseiten Betreiber oder Einsteiger Hilfe und L\u00f6sungen bei Problemen sowie Verbesserungen oder Konzepte","robots":{"index":"index","follow":"follow","max-snippet":"max-snippet:-1","max-image-preview":"max-image-preview:large","max-video-preview":"max-video-preview:-1"},"canonical":"https:\/\/www.dougu.de\/cms\/faq\/","schema":{"@context":"https:\/\/schema.org","@graph":[{"@type":"WebPage","@id":"https:\/\/www.dougu.de\/cms\/faq\/","url":"https:\/\/www.dougu.de\/cms\/faq\/","name":"FAQ - DESIGN SCHMIEDE","isPartOf":{"@id":"https:\/\/www.dougu.de\/cms\/#website"},"datePublished":"2011-05-07T08:30:09+00:00","dateModified":"2024-07-10T11:09:30+00:00","description":"Clevere Systeme f\u00fcr Webseiten Betreiber oder Einsteiger Hilfe und L\u00f6sungen bei Problemen sowie Verbesserungen oder Konzepte","breadcrumb":{"@id":"https:\/\/www.dougu.de\/cms\/faq\/#breadcrumb"},"inLanguage":"de","potentialAction":[{"@type":"ReadAction","target":["https:\/\/www.dougu.de\/cms\/faq\/"]}]},{"@type":"BreadcrumbList","@id":"https:\/\/www.dougu.de\/cms\/faq\/#breadcrumb","itemListElement":[{"@type":"ListItem","position":1,"name":"Startseite","item":"https:\/\/www.dougu.de\/cms\/"},{"@type":"ListItem","position":2,"name":"FAQ"}]},{"@type":"WebSite","@id":"https:\/\/www.dougu.de\/cms\/#website","url":"https:\/\/www.dougu.de\/cms\/","name":"DESIGN SCHMIEDE","description":"art from the metawebdesign smith","publisher":{"@id":"https:\/\/www.dougu.de\/cms\/#organization"},"alternateName":"Dougu Design Schmiede","potentialAction":[{"@type":"SearchAction","target":{"@type":"EntryPoint","urlTemplate":"https:\/\/www.dougu.de\/cms\/?s={search_term_string}"},"query-input":{"@type":"PropertyValueSpecification","valueRequired":true,"valueName":"search_term_string"}}],"inLanguage":"de"},{"@type":"Organization","@id":"https:\/\/www.dougu.de\/cms\/#organization","name":"DOUGU DESIGN SCHMIEDE","url":"https:\/\/www.dougu.de\/cms\/","logo":{"@type":"ImageObject","inLanguage":"de","@id":"https:\/\/www.dougu.de\/cms\/#\/schema\/logo\/image\/","url":"https:\/\/www.dougu.de\/cms\/wp-content\/uploads\/2022\/02\/dds-1.png","contentUrl":"https:\/\/www.dougu.de\/cms\/wp-content\/uploads\/2022\/02\/dds-1.png","width":512,"height":512,"caption":"DOUGU DESIGN SCHMIEDE"},"image":{"@id":"https:\/\/www.dougu.de\/cms\/#\/schema\/logo\/image\/"},"sameAs":["https:\/\/www.facebook.com\/DOUGUDESIGN\/","https:\/\/x.com\/dougudesign"]}]}},"_links":{"self":[{"href":"https:\/\/www.dougu.de\/cms\/wp-json\/wp\/v2\/pages\/1113","targetHints":{"allow":["GET"]}}],"collection":[{"href":"https:\/\/www.dougu.de\/cms\/wp-json\/wp\/v2\/pages"}],"about":[{"href":"https:\/\/www.dougu.de\/cms\/wp-json\/wp\/v2\/types\/page"}],"author":[{"embeddable":true,"href":"https:\/\/www.dougu.de\/cms\/wp-json\/wp\/v2\/users\/15"}],"replies":[{"embeddable":true,"href":"https:\/\/www.dougu.de\/cms\/wp-json\/wp\/v2\/comments?post=1113"}],"version-history":[{"count":14,"href":"https:\/\/www.dougu.de\/cms\/wp-json\/wp\/v2\/pages\/1113\/revisions"}],"predecessor-version":[{"id":6606,"href":"https:\/\/www.dougu.de\/cms\/wp-json\/wp\/v2\/pages\/1113\/revisions\/6606"}],"wp:attachment":[{"href":"https:\/\/www.dougu.de\/cms\/wp-json\/wp\/v2\/media?parent=1113"}],"curies":[{"name":"wp","href":"https:\/\/api.w.org\/{rel}","templated":true}]}}